te?
False
Let m(j) = j**3 - 10*j**2 - 11*j. Let i be m(11). Suppose 0 = 3*w - 5*x + 1214, -w - 3*x - 400 = -i*x. Let h = -149 - w. Is h prime?
False
Let d be (-4 + 1 - 334)*-11. Suppose 0 = -5*u - 4*k + 3699, 5*u - 3*k = -5*k + d. Is u a composite number?
False
Let b(f) = -f + 5. Let k be b(-11). Is 5030/(-4)*k/(-20) prime?
False
Let s = 1159 + 3592. Is s prime?
True
Is (-3342)/(-8) - 465/(-372) composite?
False
Let k(u) = 10636*u + 49. Is k(4) prime?
False
Let o(j) = 3*j**2 - 2*j + 3993. Let v be o(0). Suppose -18 = -3*m + v. Is m a prime number?
False
Suppose 3*k + 20 = 5*k. Suppose -5*h = 2*i - k, h - 5*i = -7*i - 6. Suppose d + 273 = h*d. Is d a prime number?
False
Suppose 8 = d - 604. Let s = 911 - d. Is s a prime number?
False
Let l(k) = k + 5*k + 229*k**2 - 2*k - 2 - 50*k**2. Is l(3) composite?
False
Suppose 5*d = y + 7716, -5*d - y + 7711 = 3*y. Is d a prime number?
True
Let m be 420/40*(-4)/6. Is 14/m*111/(-2) composite?
True
Suppose 0 = -4*a + 5*a. Suppose a = -3*m - 2*t + 12393, -5*t = 8 + 7. Is m composite?
False
Let i be ((-24)/21)/(-8) - (-965)/7. Let r be -1 + (-3*86)/(-3). Let c = i + r. Is c prime?
True
Let m be 983 - (-4 - (-1 - 2)). Suppose -7*q = -4*q + 1509. Let g = q + m. Is g a composite number?
True
Is 13/52*188378 + 3/(-2) prime?
True
Let l = -23 - -19. Let z(b) = -33*b + 2. Is z(l) a prime number?
False
Let f be (-3)/2*50/(-15). Suppose -5*m + 14 = 2*v - 7, -m - f*v - 5 = 0. Suppose 5 = -m*k, 3*z - 905 = -0*k - 4*k. Is z a prime number?
False
Let z(f) be the third derivative of 59*f**6/120 - f**5/20 - f**4/12 - f**3/6 - 5*f**2. Is z(3) composite?
False
Let m be (15/(-10))/((-3)/106). Suppose -i + 60 = -m. Is i a prime number?
True
Let a be -5*4*4/(-40). Suppose 0*z - a*i + 32 = 4*z, 3*z + 5*i = 38. Suppose 3*c - 5*n - 551 = 0, 3*c + 2*n - 553 = z*n. Is c composite?
True
Suppose 64*r - 129697 = 41*r. Is r prime?
True
Let s(r) = -r**2. Let p(g) = -2*g**2 + g - 1. Let z(u) = -6*p(u) + 5*s(u). Is z(-11) composite?
False
Suppose -63*g + 234405 = -18*g. Is g a composite number?
False
Suppose -4*a + 283494 - 45466 = 0. Is a a composite number?
True
Let m(x) = 392*x + 1. Let b(h) = -4*h - 6. Let p be b(-2). Suppose p*o - 6 = -2. Is m(o) composite?
True
Let w be 3 + (50 - (2 - -1)). Suppose 5*b - 445 = w. Let h = 166 - b. Is h prime?
True
Let v(t) = 21*t**2 + 9*t - 13. Let u be v(-9). Suppose 0 = 5*p + r - 4013, 6*p - 4*p - u = -r. Is p a composite number?
True
Let s(j) = 7*j. Let v be s(1). Suppose -v*r = 2*r - 1206. Is r a prime number?
False
Let x be ((-3)/2)/((-12)/80). Let a = 14 - x. Is a*(-1)/(-4)*6 composite?
True
Suppose 4*s + 5*d = 140092, 3*s + 2*s + 4*d = 175115. Is s a prime number?
True
Let q(d) = d**3 - 3*d + 3. Let g be 7/(21/6) - 0. Let l be q(g). Let j(h) = 3*h**2 + 2. Is j(l) a prime number?
False
Is (-3*5/10)/((-3)/5156) composite?
True
Suppose -39*g - 5557 = -40*g. Is g a composite number?
False
Suppose -15*v + 2 = -14*v. Suppose 2*n + 21213 = -v*r + n, -3*r - 2*n = 31818. Is (-1)/5 - r/65 prime?
True
Let i = -18990 + 31931. Is i a prime number?
True
Let f = 8349 - 4942. Is f prime?
True
Let b = 1802 - 1126. Suppose 0 = 2*z - 4, o + b = 3*o + z. Is o a composite number?
False
Suppose -5*k - 15 = 3*q - q, -5*k = -2*q + 15. Let n(x) = -106*x**3 + x**2 + 6*x + 4. Is n(k) a prime number?
True
Let s be 18/(-27) - 1189/3. Is (-4 + 5)*(-2 - s) prime?
False
Suppose 4*h = -2*y + 8, 7*h - 4*h = -4*y + 1. Is h/30 - (-20487)/30 a prime number?
True
Let b(h) = h**2 - 7*h + 13. Let p(s) = 2*s**2 + 14*s - 3*s**2 - 13 - 6*s. Let y(r) = 3*b(r) + 2*p(r). Is y(5) prime?
True
Suppose -4*u + 0*u - 3*s = -57805, -u = -5*s - 14434. Is u prime?
True
Is 533/4 + (-4)/(0 - -16) composite?
True
Let d(i) = -79*i - 235. Is d(-38) a prime number?
True
Let m(n) = 78*n**2 - 19*n + 90. Is m(5) a prime number?
False
Let l = -2 + 5. Suppose -4*d + l = 3*y - 0, -2*d - 6 = 0. Is ((-82)/(-4))/(y/30) composite?
True
Let j(q) = -8131*q**3 + q**2 + 6*q + 3. Is j(-1) composite?
True
Let p be ((-21)/((-756)/60))/((-1)/246). Let w be 81*(-1)/2*-22. Let o = w + p. Is o composite?
True
Suppose 366 = 5*d + p, 0*d - 2*d + p + 152 = 0. Suppose 75 = 13*l - 16*l. Let i = l + d. Is i a composite number?
True
Let s be (5 - 3 - -155)*1. Suppose 4*m - s = -5*l, 0 = -4*l + 5*m + 51 + 50. Is (-7)/(2 - 59/l) prime?
False
Suppose 4*o - 1440 = -428. Is o a prime number?
False
Let m be 3 + -1 - (-20)/(-1). Let s(b) = b**2 + 12*b - 12. Let p be s(m). Let d = p - -49. Is d prime?
False
Is (14/(-14))/((-94380)/(-31461) + -3) a composite number?
False
Suppose 0 = 3*g - 5*v + 43, 4*g - 20 + 54 = 2*v. Let t(m) = -m**2 - 4*m + 8. Let x be t(g). Let y(z) = 7*z**2 + 3*z + 6. Is y(x) a composite number?
True
Let y(o) = -o**3 - 2*o**2 - o + 6139. Is y(0) prime?
False
Suppose -2 - 10 = -3*i. Suppose -6*r = -7*r, i*r + 1733 = k. Is k a composite number?
False
Let w = 1077 - 1968. Let x = w - -4880. Is x a composite number?
False
Suppose -2*f - 4*c + 39374 = 0, -16*f - 39353 = -18*f + 3*c. Is f prime?
True
Let w(o) = o - 1 + 16*o - o - 14*o**2 + o**3. Let q(i) = 4*i**3 - 55*i**2 + 64*i - 4. Let y(z) = 2*q(z) - 9*w(z). Is y(14) prime?
False
Suppose 10*i - 2*o + 349 = 11*i, 0 = 2*i - 2*o - 686. Let x(d) = -d**3 + 3*d**2 + 2. Let s be x(3). Suppose -3*w = s*w - i. Is w prime?
False
Suppose -32*y + 23823 + 48721 = 0. Is y a composite number?
False
Let y(l) = l**2 - 8*l + 2 + 5 + 6*l**2. Let d be y(6). Let z = 398 - d. Is z a prime number?
False
Let q(v) = 267*v**2 - 3*v + 12. Let g be q(-5). Is g/15 - (1 - 12/10) a composite number?
True
Let z be (-3)/(-54)*24441 - (-2)/12. Suppose -16*s + 18*s - z = 0. Is s a composite number?
True
Suppose -2084 = -5*h - 4*o, -h - 4*o - 1276 = -4*h. Let j = h + -275. Is j prime?
False
Let s be 1/(1/2 + -1). Let n(a) = a**3 + 3*a**2 + a + 4. Let z(w) = -5*w**3 - 15*w**2 - 4*w - 19. Let t(o) = s*z(o) - 11*n(o). Is t(-7) composite?
False
Is 7366/(-87)*(-2 - 1/(-2)) composite?
False
Let p(w) = 12*w**2 - 11*w - 6. Let u be p(-17). Suppose -4*v - n + 5593 = 0, 533 = 3*v + 5*n - u. Is v a composite number?
False
Suppose -4*j - 14*p = -8*p - 40154, 3*j - 5*p = 30106. Is j composite?
False
Suppose -c + 927 = -4*c. Let v = -168 - c. Is v prime?
False
Let w(k) = -33*k - 7. Let l be w(-6). Suppose 176 = x - 3*b, 5*x - 754 = 2*b + l. Is x a prime number?
True
Suppose -20 = -2*g - 0*g. Let b be (-12)/20 + 16/g. Suppose x - b = 2*x, 0 = -2*d + 2*x + 240. Is d a prime number?
False
Let u be 3/5 + 32/(-20). Let y = -22 - -20. Is (u + (-4 - y))*-1 a composite number?
False
Let n(r) = 910*r**2 + 3*r. Is n(-1) a composite number?
False
Let z(o) = 12*o**2 + 35*o + 71. Is z(54) composite?
True
Let r(f) = 56*f**2 - 10*f**2 + 11 - 2*f + 26*f**2. Is r(5) a prime number?
True
Let c be (-4)/(-5) + -1 - (-321)/5. Is 4/(c/(-8644))*-4 a prime number?
True
Suppose m - 6571 = -2*l + 2264, -22055 = -5*l + 4*m. Suppose 0 = 3*g + 3*y - 0*y - 6600, 3*y + l = 2*g. Is g composite?
False
Suppose 3*k + 3 = 0, 3*n + 5 = 2*n - 5*k. Suppose n*p - 9 = -3*p. Suppose 4*s + p*j - 268 = 0, -s + 66 + 1 = 4*j. Is s a composite number?
False
Let d be -1*4 + (2 - 2). Let b(v) = v**3 + 11*v**2 - 6*v + 43. Let s be b(-12). Is (s/(-2))/(d/(-24)) a composite number?
True
Let k(c) = -476*c + 5. Let p be (-2)/(-8) + 35/(-28). Is k(p) a composite number?
True
Let h = 3510 - -14819. Is h composite?
False
Suppose -h - 5 = 0, -5*h = 16*c - 15*c - 15162. Is c prime?
True
Let o = 3767 + -658. Is o a composite number?
False
Suppose 4*g = 487 + 553. Let l = g - -336. Suppose -l = 4*b - 8*b. Is b a prime number?
True
Let b be -14694 + 1*(-4 + 3). Is (b/10)/(2/(-4)) composite?
False
Let f = 1850 - 1351. Is f a composite number?
False
Is 143904/(-144)*(-21)/2 a composite number?
True
Suppose -19*z = 56*z - 94650. Is z prime?
False
Let d = -372 + 1733. Is d composite?
False
Let h(b) = 20*b**2 + 149*b + 26. Is h(-40) composite?
True
Let x(o) = 2252*o**3 + 3*o**2 - 5*o + 1. Suppose -2*n + 2*c - 4 = 0, c + 0 - 5 = -2*n. Is x(n) a composite number?
False
Suppose -5*r = 3*q + 12, -2*r + 11 + 1 = -3*q. Is 2053 + (r/(-2))/(-3) composite?
False
Suppose 3*f - c - 21489 = 0, -3*c + 21477 = -4*f + 7*f. Is f composite?
True
Let m = 42 - 60. Let q(j) = -69*j - 79. Is q(m) a composite number?
False
Let y(m) = m**3 + 10*m**2 + m